{"id":1947,"date":"2025-01-29T16:55:34","date_gmt":"2025-01-29T20:55:34","guid":{"rendered":"https:\/\/laespigacuracao.com\/?page_id=1947"},"modified":"2025-04-16T07:23:23","modified_gmt":"2025-04-16T11:23:23","slug":"meet-us-es","status":"publish","type":"page","link":"https:\/\/laespigacuracao.com\/index.php\/es\/meet-us-es\/","title":{"rendered":"Meet us &#8211; es"},"content":{"rendered":"\t\t<div data-elementor-type=\"wp-page\" data-elementor-id=\"1947\" class=\"elementor elementor-1947\" data-elementor-post-type=\"page\">\n\t\t\t\t<div class=\"elementor-element elementor-element-3d24f24 e-con-full e-flex e-con e-parent\" data-id=\"3d24f24\" data-element_type=\"container\" data-e-type=\"container\" data-settings=\"{&quot;background_background&quot;:&quot;classic&quot;}\">\n\t\t<div class=\"elementor-element elementor-element-2491c9e e-con-full e-flex e-con e-child\" data-id=\"2491c9e\" data-element_type=\"container\" data-e-type=\"container\">\n\t\t\t\t<div class=\"elementor-element elementor-element-a615417 animated-fast elementor-invisible elementor-widget elementor-widget-heading\" data-id=\"a615417\" data-element_type=\"widget\" data-e-type=\"widget\" data-settings=\"{&quot;_animation&quot;:&quot;fadeInUp&quot;,&quot;_animation_delay&quot;:100}\" data-widget_type=\"heading.default\">\n\t\t\t\t<div class=\"elementor-widget-container\">\n\t\t\t\t\t<h1 class=\"elementor-heading-title elementor-size-default\">El lugar donde las tradiciones <i>Mediterr\u00e1neas<\/i><br> se unen con los sabores <i>vibrantes<\/i><br> de la cocina <i>Latina<\/i> en Curacao<\/h1>\t\t\t\t<\/div>\n\t\t\t\t<\/div>\n\t\t\t\t<\/div>\n\t\t\t\t<\/div>\n\t\t<div class=\"elementor-element elementor-element-79296b7 e-con-full e-flex e-con e-parent\" data-id=\"79296b7\" data-element_type=\"container\" data-e-type=\"container\" data-settings=\"{&quot;background_background&quot;:&quot;classic&quot;}\">\n\t\t<div class=\"elementor-element elementor-element-5640e29 e-con-full elementor-hidden-mobile e-flex elementor-invisible e-con e-child\" data-id=\"5640e29\" data-element_type=\"container\" data-e-type=\"container\" data-settings=\"{&quot;background_background&quot;:&quot;classic&quot;,&quot;animation&quot;:&quot;fadeInUp&quot;}\">\n\t\t\t\t<\/div>\n\t\t<div class=\"elementor-element elementor-element-2942c20 e-con-full elementor-hidden-mobile e-flex elementor-invisible e-con e-child\" data-id=\"2942c20\" data-element_type=\"container\" data-e-type=\"container\" data-settings=\"{&quot;background_background&quot;:&quot;classic&quot;,&quot;animation&quot;:&quot;fadeInUp&quot;}\">\n\t\t\t\t<\/div>\n\t\t<div class=\"elementor-element elementor-element-0fe586e e-con-full e-flex e-con e-child\" data-id=\"0fe586e\" data-element_type=\"container\" data-e-type=\"container\" data-settings=\"{&quot;background_background&quot;:&quot;classic&quot;}\">\n\t\t<div class=\"elementor-element elementor-element-f5618da e-con-full e-flex e-con e-child\" data-id=\"f5618da\" data-element_type=\"container\" data-e-type=\"container\">\n\t\t\t\t<div class=\"elementor-element elementor-element-ecf5ca2 elementor-absolute elementor-hidden-mobile elementor-widget elementor-widget-image\" data-id=\"ecf5ca2\" data-element_type=\"widget\" data-e-type=\"widget\" data-settings=\"{&quot;_position&quot;:&quot;absolute&quot;}\" data-widget_type=\"image.default\">\n\t\t\t\t<div class=\"elementor-widget-container\">\n\t\t\t\t\t\t\t\t\t\t\t\t\t\t\t<img fetchpriority=\"high\" decoding=\"async\" width=\"467\" height=\"300\" src=\"https:\/\/laespigacuracao.com\/wp-content\/uploads\/2025\/01\/Espigas-single.fw_.png\" class=\"attachment-full size-full wp-image-1205\" alt=\"\" \/>\t\t\t\t\t\t\t\t\t\t\t\t\t\t\t<\/div>\n\t\t\t\t<\/div>\n\t\t\t\t<\/div>\n\t\t<div class=\"elementor-element elementor-element-77191ba e-con-full e-flex e-con e-child\" data-id=\"77191ba\" data-element_type=\"container\" data-e-type=\"container\">\n\t\t\t\t<div class=\"elementor-element elementor-element-4f630aa elementor-widget elementor-widget-heading\" data-id=\"4f630aa\" data-element_type=\"widget\" data-e-type=\"widget\" data-widget_type=\"heading.default\">\n\t\t\t\t<div class=\"elementor-widget-container\">\n\t\t\t\t\t<h1 class=\"elementor-heading-title elementor-size-default\">Nuestra visi\u00f3n...<\/h1>\t\t\t\t<\/div>\n\t\t\t\t<\/div>\n\t\t\t\t<div class=\"elementor-element elementor-element-05562c7 elementor-widget__width-initial elementor-widget-mobile__width-initial elementor-widget elementor-widget-text-editor\" data-id=\"05562c7\" data-element_type=\"widget\" data-e-type=\"widget\" data-widget_type=\"text-editor.default\">\n\t\t\t\t<div class=\"elementor-widget-container\">\n\t\t\t\t\t\t\t\t\t<p>En la Espiga, nuestra misi\u00f3n es ofrecerte una experiencia gastron\u00edmica \u00fanica con un buffet de alta calidad, combinando frescos ingredientes y sabores de la cocina Mediterranea y Latina. Nuestro compromiso es satisfacer todos tus gustos, brind\u00e1ndote un serivico c\u00e1lido y memorable en cada visita.<\/p>\t\t\t\t\t\t\t\t<\/div>\n\t\t\t\t<\/div>\n\t\t\t\t<\/div>\n\t\t\t\t<\/div>\n\t\t\t\t<\/div>\n\t\t<div class=\"elementor-element elementor-element-e6d90de e-flex e-con-boxed e-con e-parent\" data-id=\"e6d90de\" data-element_type=\"container\" data-e-type=\"container\">\n\t\t\t\t\t<div class=\"e-con-inner\">\n\t\t<div class=\"elementor-element elementor-element-ab425c9 e-con-full e-flex e-con e-child\" data-id=\"ab425c9\" data-element_type=\"container\" data-e-type=\"container\" data-settings=\"{&quot;background_background&quot;:&quot;classic&quot;}\">\n\t\t\t\t<\/div>\n\t\t<div class=\"elementor-element elementor-element-d645513 e-con-full e-flex e-con e-child\" data-id=\"d645513\" data-element_type=\"container\" data-e-type=\"container\" data-settings=\"{&quot;background_background&quot;:&quot;classic&quot;}\">\n\t\t\t\t<\/div>\n\t\t\t\t\t<\/div>\n\t\t\t\t<\/div>\n\t\t<div class=\"elementor-element elementor-element-2aee077 e-flex e-con-boxed e-con e-parent\" data-id=\"2aee077\" data-element_type=\"container\" data-e-type=\"container\">\n\t\t\t\t\t<div class=\"e-con-inner\">\n\t\t<div class=\"elementor-element elementor-element-7047ca3 e-con-full e-flex e-con e-child\" data-id=\"7047ca3\" data-element_type=\"container\" data-e-type=\"container\">\n\t\t\t\t<div class=\"elementor-element elementor-element-c2b27d3 elementor-absolute elementor-hidden-mobile elementor-widget elementor-widget-image\" data-id=\"c2b27d3\" data-element_type=\"widget\" data-e-type=\"widget\" data-settings=\"{&quot;_position&quot;:&quot;absolute&quot;}\" data-widget_type=\"image.default\">\n\t\t\t\t<div class=\"elementor-widget-container\">\n\t\t\t\t\t\t\t\t\t\t\t\t\t\t\t<img decoding=\"async\" width=\"229\" height=\"300\" src=\"https:\/\/laespigacuracao.com\/wp-content\/uploads\/2025\/04\/Espigas-una-abajo.fw_-229x300.webp\" class=\"attachment-medium size-medium wp-image-3409\" alt=\"\" srcset=\"https:\/\/laespigacuracao.com\/wp-content\/uploads\/2025\/04\/Espigas-una-abajo.fw_-229x300.webp 229w, https:\/\/laespigacuracao.com\/wp-content\/uploads\/2025\/04\/Espigas-una-abajo.fw_.webp 402w\" sizes=\"(max-width: 229px) 100vw, 229px\" \/>\t\t\t\t\t\t\t\t\t\t\t\t\t\t\t<\/div>\n\t\t\t\t<\/div>\n\t\t\t\t<div class=\"elementor-element elementor-element-1e3a355 elementor-widget elementor-widget-heading\" data-id=\"1e3a355\" data-element_type=\"widget\" data-e-type=\"widget\" data-widget_type=\"heading.default\">\n\t\t\t\t<div class=\"elementor-widget-container\">\n\t\t\t\t\t<h1 class=\"elementor-heading-title elementor-size-default\">Nuestra misi\u00f3n...<\/h1>\t\t\t\t<\/div>\n\t\t\t\t<\/div>\n\t\t\t\t<\/div>\n\t\t<div class=\"elementor-element elementor-element-c8cbec2 e-con-full e-flex e-con e-child\" data-id=\"c8cbec2\" data-element_type=\"container\" data-e-type=\"container\">\n\t\t\t\t<div class=\"elementor-element elementor-element-5e5f084 elementor-widget__width-initial elementor-widget-mobile__width-initial elementor-widget elementor-widget-text-editor\" data-id=\"5e5f084\" data-element_type=\"widget\" data-e-type=\"widget\" data-widget_type=\"text-editor.default\">\n\t\t\t\t<div class=\"elementor-widget-container\">\n\t\t\t\t\t\t\t\t\t<p>Convertirnos en el referente culinario de Curazao y el Caribe, reconocido por ofrecer una experiencia gastron\u00f3mica \u00fanica que une la autenticidad de la cocina mediterr\u00e1nea con los vibrantes sabores de la gastronom\u00eda latina. Nuestro objetivo es ser el lugar donde la frescura, la calidad y el sabor natural se fusionan en cada plato, reuniendo a familias y amantes de la buena comida en un ambiente c\u00e1lido, acogedor y lleno de tradici\u00f3n.<\/p>\t\t\t\t\t\t\t\t<\/div>\n\t\t\t\t<\/div>\n\t\t\t\t<\/div>\n\t\t\t\t\t<\/div>\n\t\t\t\t<\/div>\n\t\t<div class=\"elementor-element elementor-element-9c496ea e-flex e-con-boxed e-con e-parent\" data-id=\"9c496ea\" data-element_type=\"container\" data-e-type=\"container\" data-settings=\"{&quot;background_background&quot;:&quot;classic&quot;}\">\n\t\t\t\t\t<div class=\"e-con-inner\">\n\t\t\t\t<div class=\"elementor-element elementor-element-3d8658b elementor-widget elementor-widget-heading\" data-id=\"3d8658b\" data-element_type=\"widget\" data-e-type=\"widget\" data-widget_type=\"heading.default\">\n\t\t\t\t<div class=\"elementor-widget-container\">\n\t\t\t\t\t<h2 class=\"elementor-heading-title elementor-size-default\">Chef team<\/h2>\t\t\t\t<\/div>\n\t\t\t\t<\/div>\n\t\t<div class=\"elementor-element elementor-element-abd0519 e-con-full e-flex e-con e-child\" data-id=\"abd0519\" data-element_type=\"container\" data-e-type=\"container\" data-settings=\"{&quot;background_background&quot;:&quot;classic&quot;}\">\n\t\t<div class=\"elementor-element elementor-element-ffb8b01 e-con-full e-flex e-con e-child\" data-id=\"ffb8b01\" data-element_type=\"container\" data-e-type=\"container\">\n\t\t\t\t<div class=\"elementor-element elementor-element-b23d5dc elementor-position-top elementor-widget elementor-widget-image-box\" data-id=\"b23d5dc\" data-element_type=\"widget\" data-e-type=\"widget\" data-widget_type=\"image-box.default\">\n\t\t\t\t<div class=\"elementor-widget-container\">\n\t\t\t\t\t<div class=\"elementor-image-box-wrapper\"><figure class=\"elementor-image-box-img\"><img decoding=\"async\" width=\"1536\" height=\"2048\" src=\"https:\/\/laespigacuracao.com\/wp-content\/uploads\/2025\/04\/4-min.webp\" class=\"elementor-animation-push attachment-full size-full wp-image-3410\" alt=\"\" srcset=\"https:\/\/laespigacuracao.com\/wp-content\/uploads\/2025\/04\/4-min.webp 1536w, https:\/\/laespigacuracao.com\/wp-content\/uploads\/2025\/04\/4-min-225x300.webp 225w, https:\/\/laespigacuracao.com\/wp-content\/uploads\/2025\/04\/4-min-768x1024.webp 768w, https:\/\/laespigacuracao.com\/wp-content\/uploads\/2025\/04\/4-min-1152x1536.webp 1152w, https:\/\/laespigacuracao.com\/wp-content\/uploads\/2025\/04\/4-min-600x800.webp 600w\" sizes=\"(max-width: 1536px) 100vw, 1536px\" \/><\/figure><div class=\"elementor-image-box-content\"><h3 class=\"elementor-image-box-title\">Alexander Salas<\/h3><p class=\"elementor-image-box-description\">Chef<\/p><\/div><\/div>\t\t\t\t<\/div>\n\t\t\t\t<\/div>\n\t\t\t\t<\/div>\n\t\t<div class=\"elementor-element elementor-element-b5727bf e-con-full e-flex e-con e-child\" data-id=\"b5727bf\" data-element_type=\"container\" data-e-type=\"container\">\n\t\t\t\t<div class=\"elementor-element elementor-element-d37b21a elementor-position-top elementor-widget elementor-widget-image-box\" data-id=\"d37b21a\" data-element_type=\"widget\" data-e-type=\"widget\" data-widget_type=\"image-box.default\">\n\t\t\t\t<div class=\"elementor-widget-container\">\n\t\t\t\t\t<div class=\"elementor-image-box-wrapper\"><figure class=\"elementor-image-box-img\"><img loading=\"lazy\" decoding=\"async\" width=\"1536\" height=\"2048\" src=\"https:\/\/laespigacuracao.com\/wp-content\/uploads\/2025\/04\/3-min-1.webp\" class=\"elementor-animation-push attachment-full size-full wp-image-3411\" alt=\"\" srcset=\"https:\/\/laespigacuracao.com\/wp-content\/uploads\/2025\/04\/3-min-1.webp 1536w, https:\/\/laespigacuracao.com\/wp-content\/uploads\/2025\/04\/3-min-1-225x300.webp 225w, https:\/\/laespigacuracao.com\/wp-content\/uploads\/2025\/04\/3-min-1-768x1024.webp 768w, https:\/\/laespigacuracao.com\/wp-content\/uploads\/2025\/04\/3-min-1-1152x1536.webp 1152w, https:\/\/laespigacuracao.com\/wp-content\/uploads\/2025\/04\/3-min-1-600x800.webp 600w\" sizes=\"(max-width: 1536px) 100vw, 1536px\" \/><\/figure><div class=\"elementor-image-box-content\"><h3 class=\"elementor-image-box-title\">Maykol Vera<\/h3><p class=\"elementor-image-box-description\">Chef<\/p><\/div><\/div>\t\t\t\t<\/div>\n\t\t\t\t<\/div>\n\t\t\t\t<\/div>\n\t\t<div class=\"elementor-element elementor-element-9a2ae3f e-con-full e-flex e-con e-child\" data-id=\"9a2ae3f\" data-element_type=\"container\" data-e-type=\"container\">\n\t\t\t\t<div class=\"elementor-element elementor-element-940383b elementor-position-top elementor-widget elementor-widget-image-box\" data-id=\"940383b\" data-element_type=\"widget\" data-e-type=\"widget\" data-widget_type=\"image-box.default\">\n\t\t\t\t<div class=\"elementor-widget-container\">\n\t\t\t\t\t<div class=\"elementor-image-box-wrapper\"><figure class=\"elementor-image-box-img\"><img loading=\"lazy\" decoding=\"async\" width=\"1536\" height=\"2048\" src=\"https:\/\/laespigacuracao.com\/wp-content\/uploads\/2025\/04\/2-min.webp\" class=\"elementor-animation-push attachment-full size-full wp-image-3412\" alt=\"\" srcset=\"https:\/\/laespigacuracao.com\/wp-content\/uploads\/2025\/04\/2-min.webp 1536w, https:\/\/laespigacuracao.com\/wp-content\/uploads\/2025\/04\/2-min-225x300.webp 225w, https:\/\/laespigacuracao.com\/wp-content\/uploads\/2025\/04\/2-min-768x1024.webp 768w, https:\/\/laespigacuracao.com\/wp-content\/uploads\/2025\/04\/2-min-1152x1536.webp 1152w, https:\/\/laespigacuracao.com\/wp-content\/uploads\/2025\/04\/2-min-600x800.webp 600w\" sizes=\"(max-width: 1536px) 100vw, 1536px\" \/><\/figure><div class=\"elementor-image-box-content\"><h3 class=\"elementor-image-box-title\">Mabel <\/h3><p class=\"elementor-image-box-description\">Chef Patissier<\/p><\/div><\/div>\t\t\t\t<\/div>\n\t\t\t\t<\/div>\n\t\t\t\t<\/div>\n\t\t<div class=\"elementor-element elementor-element-1c97a42 e-con-full e-flex e-con e-child\" data-id=\"1c97a42\" data-element_type=\"container\" data-e-type=\"container\">\n\t\t\t\t<div class=\"elementor-element elementor-element-636305d elementor-position-top elementor-widget elementor-widget-image-box\" data-id=\"636305d\" data-element_type=\"widget\" data-e-type=\"widget\" data-widget_type=\"image-box.default\">\n\t\t\t\t<div class=\"elementor-widget-container\">\n\t\t\t\t\t<div class=\"elementor-image-box-wrapper\"><figure class=\"elementor-image-box-img\"><img loading=\"lazy\" decoding=\"async\" width=\"1536\" height=\"2048\" src=\"https:\/\/laespigacuracao.com\/wp-content\/uploads\/2025\/04\/1-min.webp\" class=\"elementor-animation-push attachment-full size-full wp-image-3413\" alt=\"\" srcset=\"https:\/\/laespigacuracao.com\/wp-content\/uploads\/2025\/04\/1-min.webp 1536w, https:\/\/laespigacuracao.com\/wp-content\/uploads\/2025\/04\/1-min-225x300.webp 225w, https:\/\/laespigacuracao.com\/wp-content\/uploads\/2025\/04\/1-min-768x1024.webp 768w, https:\/\/laespigacuracao.com\/wp-content\/uploads\/2025\/04\/1-min-1152x1536.webp 1152w, https:\/\/laespigacuracao.com\/wp-content\/uploads\/2025\/04\/1-min-600x800.webp 600w\" sizes=\"(max-width: 1536px) 100vw, 1536px\" \/><\/figure><div class=\"elementor-image-box-content\"><h3 class=\"elementor-image-box-title\">Raquel<\/h3><p class=\"elementor-image-box-description\">Pastry Assistant<\/p><\/div><\/div>\t\t\t\t<\/div>\n\t\t\t\t<\/div>\n\t\t\t\t<\/div>\n\t\t\t\t<\/div>\n\t\t\t\t\t<\/div>\n\t\t\t\t<\/div>\n\t\t<div class=\"elementor-element elementor-element-76ef3a6 e-con-full e-flex e-con e-parent\" data-id=\"76ef3a6\" data-element_type=\"container\" data-e-type=\"container\">\n\t\t<div class=\"elementor-element elementor-element-7684fdd e-con-full e-flex e-con e-child\" data-id=\"7684fdd\" data-element_type=\"container\" data-e-type=\"container\">\n\t\t\t\t<div class=\"elementor-element elementor-element-815dd8d elementor-widget elementor-widget-google_maps\" data-id=\"815dd8d\" data-element_type=\"widget\" data-e-type=\"widget\" data-widget_type=\"google_maps.default\">\n\t\t\t\t<div class=\"elementor-widget-container\">\n\t\t\t\t\t\t\t<div class=\"elementor-custom-embed\">\n\t\t\t<iframe loading=\"lazy\"\n\t\t\t\t\tsrc=\"https:\/\/maps.google.com\/maps?q=sambil%2C%20curazao&#038;t=m&#038;z=15&#038;output=embed&#038;iwloc=near\"\n\t\t\t\t\ttitle=\"sambil, curazao\"\n\t\t\t\t\taria-label=\"sambil, curazao\"\n\t\t\t><\/iframe>\n\t\t<\/div>\n\t\t\t\t\t\t<\/div>\n\t\t\t\t<\/div>\n\t\t\t\t<\/div>\n\t\t<div class=\"elementor-element elementor-element-14ffffc e-con-full e-flex e-con e-child\" data-id=\"14ffffc\" data-element_type=\"container\" data-e-type=\"container\" data-settings=\"{&quot;background_background&quot;:&quot;classic&quot;}\">\n\t\t<div class=\"elementor-element elementor-element-2f4c957 e-con-full e-flex e-con e-child\" data-id=\"2f4c957\" data-element_type=\"container\" data-e-type=\"container\">\n\t\t\t\t<div class=\"elementor-element elementor-element-388ee40 elementor-widget elementor-widget-heading\" data-id=\"388ee40\" data-element_type=\"widget\" data-e-type=\"widget\" data-widget_type=\"heading.default\">\n\t\t\t\t<div class=\"elementor-widget-container\">\n\t\t\t\t\t<h1 class=\"elementor-heading-title elementor-size-default\">\u00a1Encu\u00e9ntranos en el Sambil de Curacao!<\/h1>\t\t\t\t<\/div>\n\t\t\t\t<\/div>\n\t\t\t\t<div class=\"elementor-element elementor-element-67eeaae elementor-widget__width-initial elementor-widget-mobile__width-initial elementor-widget elementor-widget-text-editor\" data-id=\"67eeaae\" data-element_type=\"widget\" data-e-type=\"widget\" data-widget_type=\"text-editor.default\">\n\t\t\t\t<div class=\"elementor-widget-container\">\n\t\t\t\t\t\t\t\t\t<p>Vis\u00edtanos hoy en el Sambil en Willemstad, Curacao, y experimenta El Sabor Natural por ti mismo<\/p>\t\t\t\t\t\t\t\t<\/div>\n\t\t\t\t<\/div>\n\t\t\t\t<\/div>\n\t\t<div class=\"elementor-element elementor-element-261124f e-con-full e-flex e-con e-child\" data-id=\"261124f\" data-element_type=\"container\" data-e-type=\"container\">\n\t\t\t\t<div class=\"elementor-element elementor-element-0152e68 elementor-widget elementor-widget-heading\" data-id=\"0152e68\" data-element_type=\"widget\" data-e-type=\"widget\" data-widget_type=\"heading.default\">\n\t\t\t\t<div class=\"elementor-widget-container\">\n\t\t\t\t\t<h1 class=\"elementor-heading-title elementor-size-default\">Horario<\/h1>\t\t\t\t<\/div>\n\t\t\t\t<\/div>\n\t\t\t\t<div class=\"elementor-element elementor-element-0a81f45 elementor-widget__width-initial elementor-widget-mobile__width-initial elementor-widget elementor-widget-text-editor\" data-id=\"0a81f45\" data-element_type=\"widget\" data-e-type=\"widget\" data-widget_type=\"text-editor.default\">\n\t\t\t\t<div class=\"elementor-widget-container\">\n\t\t\t\t\t\t\t\t\t<p><strong>Lunes &#8211; Domingo:<\/strong>\u00a0 <em>9:00 am &#8211; 11:00 pm.<\/em><\/p>\t\t\t\t\t\t\t\t<\/div>\n\t\t\t\t<\/div>\n\t\t\t\t<\/div>\n\t\t\t\t<\/div>\n\t\t\t\t<\/div>\n\t\t\t\t<section class=\"elementor-section elementor-top-section elementor-element elementor-element-f259453 elementor-section-boxed elementor-section-height-default elementor-section-height-default\" data-id=\"f259453\" data-element_type=\"section\" data-e-type=\"section\" data-settings=\"{&quot;background_background&quot;:&quot;classic&quot;}\">\n\t\t\t\t\t\t\t<div class=\"elementor-background-overlay\"><\/div>\n\t\t\t\t\t\t\t<div class=\"elementor-container elementor-column-gap-default\">\n\t\t\t\t\t<div class=\"elementor-column elementor-col-100 elementor-top-column elementor-element elementor-element-38af34d\" data-id=\"38af34d\" data-element_type=\"column\" data-e-type=\"column\">\n\t\t\t<div class=\"elementor-widget-wrap elementor-element-populated\">\n\t\t\t\t\t\t<section class=\"elementor-section elementor-inner-section elementor-element elementor-element-6a46bd4 elementor-section-full_width elementor-section-height-default elementor-section-height-default\" data-id=\"6a46bd4\" data-element_type=\"section\" data-e-type=\"section\">\n\t\t\t\t\t\t<div class=\"elementor-container elementor-column-gap-default\">\n\t\t\t\t\t<div class=\"elementor-column elementor-col-100 elementor-inner-column elementor-element elementor-element-2f7584f\" data-id=\"2f7584f\" data-element_type=\"column\" data-e-type=\"column\">\n\t\t\t<div class=\"elementor-widget-wrap elementor-element-populated\">\n\t\t\t\t\t\t<div class=\"elementor-element elementor-element-733e2c6 animated-fast elementor-invisible elementor-widget elementor-widget-heading\" data-id=\"733e2c6\" data-element_type=\"widget\" data-e-type=\"widget\" data-settings=\"{&quot;_animation&quot;:&quot;fadeInUp&quot;,&quot;_animation_delay&quot;:100}\" data-widget_type=\"heading.default\">\n\t\t\t\t<div class=\"elementor-widget-container\">\n\t\t\t\t\t<h1 class=\"elementor-heading-title elementor-size-default\">Dushi, aut\u00e9ntiko, i lleno di sabor-as\u00ed<br>\nta e experiencia na La Espiga<\/h1>\t\t\t\t<\/div>\n\t\t\t\t<\/div>\n\t\t\t\t<div class=\"elementor-element elementor-element-a926fbe elementor-align-center elementor-widget__width-initial animated-fast elementor-invisible elementor-widget elementor-widget-button\" data-id=\"a926fbe\" data-element_type=\"widget\" data-e-type=\"widget\" data-settings=\"{&quot;_animation&quot;:&quot;fadeInUp&quot;,&quot;_animation_delay&quot;:300}\" data-widget_type=\"button.default\">\n\t\t\t\t<div class=\"elementor-widget-container\">\n\t\t\t\t\t\t\t\t\t<div class=\"elementor-button-wrapper\">\n\t\t\t\t\t<a class=\"elementor-button elementor-button-link elementor-size-sm\" href=\"https:\/\/laespigacuracao.com\/index.php\/es\/order-now-es\/\">\n\t\t\t\t\t\t<span class=\"elementor-button-content-wrapper\">\n\t\t\t\t\t\t\t\t\t<span class=\"elementor-button-text\">\u00a1Ver men\u00fa!<\/span>\n\t\t\t\t\t<\/span>\n\t\t\t\t\t<\/a>\n\t\t\t\t<\/div>\n\t\t\t\t\t\t\t\t<\/div>\n\t\t\t\t<\/div>\n\t\t\t\t\t<\/div>\n\t\t<\/div>\n\t\t\t\t\t<\/div>\n\t\t<\/section>\n\t\t\t\t\t<\/div>\n\t\t<\/div>\n\t\t\t\t\t<\/div>\n\t\t<\/section>\n\t\t\t\t<\/div>\n\t\t","protected":false},"excerpt":{"rendered":"<p>El lugar donde las tradiciones Mediterr\u00e1neas se unen con los sabores vibrantes de la cocina Latina en Curacao Nuestra visi\u00f3n&#8230; En la Espiga, nuestra misi\u00f3n es ofrecerte una experiencia gastron\u00edmica \u00fanica con un buffet de alta calidad, combinando frescos ingredientes y sabores de la cocina Mediterranea y Latina. Nuestro compromiso es satisfacer todos tus gustos, [&hellip;]<\/p>\n","protected":false},"author":1,"featured_media":0,"parent":0,"menu_order":0,"comment_status":"closed","ping_status":"closed","template":"elementor_header_footer","meta":{"footnotes":""},"class_list":["post-1947","page","type-page","status-publish","hentry"],"_links":{"self":[{"href":"https:\/\/laespigacuracao.com\/index.php\/wp-json\/wp\/v2\/pages\/1947","targetHints":{"allow":["GET"]}}],"collection":[{"href":"https:\/\/laespigacuracao.com\/index.php\/wp-json\/wp\/v2\/pages"}],"about":[{"href":"https:\/\/laespigacuracao.com\/index.php\/wp-json\/wp\/v2\/types\/page"}],"author":[{"embeddable":true,"href":"https:\/\/laespigacuracao.com\/index.php\/wp-json\/wp\/v2\/users\/1"}],"replies":[{"embeddable":true,"href":"https:\/\/laespigacuracao.com\/index.php\/wp-json\/wp\/v2\/comments?post=1947"}],"version-history":[{"count":45,"href":"https:\/\/laespigacuracao.com\/index.php\/wp-json\/wp\/v2\/pages\/1947\/revisions"}],"predecessor-version":[{"id":3915,"href":"https:\/\/laespigacuracao.com\/index.php\/wp-json\/wp\/v2\/pages\/1947\/revisions\/3915"}],"wp:attachment":[{"href":"https:\/\/laespigacuracao.com\/index.php\/wp-json\/wp\/v2\/media?parent=1947"}],"curies":[{"name":"wp","href":"https:\/\/api.w.org\/{rel}","templated":true}]}}